atest common divisor of b and 60?
60
Let t(v) = 12*v - 12. Let j be t(4). Let k = 42 - j. What is the greatest common divisor of k and 66?
6
Let q(t) = t**2 - 23*t + 40. Let v be q(0). Calculate the highest common factor of v and 1580.
20
Suppose 2*j + 12 = -4*w, -11*w = 2*j - 13*w - 18. What is the highest common divisor of j and 2?
2
Suppose -5*z - k + 142 = 0, -120 - 28 = -5*z - 4*k. Calculate the highest common divisor of 63 and z.
7
Let h be 3/(36/416)*3. Let y = -1308 - -1321. Calculate the highest common divisor of y and h.
13
Let b(v) = v**3 - v**2 - v + 15. Let n be b(0). Let u(g) = -26*g**3 - g**2. Let k be u(-1). What is the greatest common divisor of k and n?
5
Let g be -4*(-2 + 0 - 0). Let i(c) = 2*c + 16. Let v be i(-8). Suppose l = v, 2*k + 3*l + 16 = 80. Calculate the highest common factor of k and g.
8
Let r = 57 + -22. Let j be 14/r + 68/5. Suppose j = 2*v - 2*q, 5*v - q - 31 = -8. What is the greatest common factor of 2 and v?
2
Let v(k) = -7*k**3 - 3*k**2 - 2*k + 2. Let x be v(3). Let h = -124 - x. Suppose -q + h = 3*q. What is the greatest common divisor of q and 3?
3
Suppose -4*b + 5*s = -130 + 32, 4*b + 3*s = 82. What is the greatest common divisor of b and 99?
11
Suppose -3*l + 4*w - 7*w = -42, -2*w = -3*l + 27. Let s(j) = j - 3. Let i be s(6). Suppose -i = -4*h + 1. What is the highest common factor of l and h?
1
Suppose 7 = -5*x + 92. Suppose 3*a - 22 = -13. Suppose -x = -3*n - r + a, -5*n + 5*r = -20. What is the greatest common factor of n and 2?
2
Let b be ((-2)/4)/(38/(-2888)). Calculate the greatest common divisor of b and 38.
38
Let k be (2/3)/((-6)/333). Let c = k + 70. What is the highest common factor of c and 11?
11
Suppose 17*u - 20*u = 99. Let b be -2 - 2646/u - (-4)/(-22). Calculate the highest common divisor of 13 and b.
13
Suppose 4*p - 2*p = 24. Let x = -39 + 36. Let j be (-4)/x*(9 + -6). Calculate the highest common factor of j and p.
4
Suppose 32*s - 319 - 1409 = 0. Calculate the greatest common factor of s and 243.
27
Let k be 0 - (4 + 9/((-45)/100)). Calculate the greatest common factor of 176 and k.
16
Let r be 31 - (-10 - -3) - 2. What is the greatest common factor of 45 and r?
9
Let v be 6 + -1 - -139 - -2. Suppose 0 = 5*i + v - 521. What is the greatest common factor of 30 and i?
15
Suppose -73 = -4*r - 1. Suppose 5*j + 182 = 3*z, -z - 128 = -3*z + 5*j. Calculate the greatest common factor of z and r.
18
Let c = -120 + 145. What is the highest common divisor of c and 25?
25
Let z(o) = -o**2 + o - 4. Let f be z(0). Let m be f/10 - 21/(-15). Suppose 0 = -5*k + 4*k + m. Calculate the highest common divisor of 1 and k.
1
Let k(i) be the third derivative of i**6/120 - i**5/60 - 5*i**4/24 + i**3 - i**2 + 4. Let p be k(3). What is the highest common factor of 144 and p?
9
Let h be 4*(-17 - -1)*-1. Let o be (2 + -1)/(-1) - -1. Suppose 3*y - 4*y = 3*n - 28, -3*y + 5*n + 28 = o. What is the highest common divisor of y and h?
16
Suppose -4*m = 2*v - 8*m - 122, 113 = 2*v + 5*m. Let o = v + 6. What is the highest common divisor of o and 26?
13
Suppose -16 - 4 = 5*o, -2*o = -k + 483. Suppose 6*a - k = a. Calculate the highest common divisor of a and 38.
19
Let s(f) be the second derivative of 1/6*f**4 - 7*f + 5/2*f**2 - 5/6*f**3 + 0. Let m be s(-5). Calculate the greatest common divisor of m and 16.
16
Let l = 4280 + -4265. Suppose 0 = 2*b - 7*b + 25. What is the greatest common divisor of b and l?
5
Let r(c) = 8*c + 92. Let d be r(-9). What is the greatest common factor of d and 340?
20
Suppose -3*v + 5*z - 13 = -7*v, 0 = 5*v - 3*z - 7. Let d be (-1)/2 - (-21)/v. Let x = -7468 - -7472. What is the highest common divisor of d and x?
2
Let r(i) = -3*i**3 - 7*i**2 - 14*i - 15. Let q be r(-3). Let c be (-10)/3*3/1. Let g = q - c. What is the greatest common factor of 5 and g?
5
Suppose 4 - 10 = -2*c, -4*i + 4*c - 12 = 0. Suppose 2*v + 3*m = -0*m + 378, -2*v - 2*m + 378 = i. What is the greatest common divisor of 21 and v?
21
Let j be 2 - (6 + 2)*-1. Let i be (-1 - (63 + 1)) + -3. Let o be -3 - -1 - (6 + i). Calculate the highest common factor of j and o.
10
Let h(z) = 2*z**2 - 4*z + 4. Let y be h(4). Suppose 260 = 2*d - 5*b, 4*b + 404 = -46*d + 49*d. Calculate the greatest common divisor of y and d.
20
Let n(d) = 2*d**2 - 5*d - 25 + 3 - 5*d. Let m be n(-6). What is the greatest common factor of 44 and m?
22
Suppose r + 348 - 353 = 0. Suppose 5*c - 4*q + q - 181 = 0, -3*q - 6 = 0. What is the greatest common factor of c and r?
5
Let l be (-6)/(-3)*(-1)/2. Let q be (4*l)/(2 - 0). Let u be ((-4)/(-6))/(q/(-36)). What is the highest common factor of 2 and u?
2
Let c = 4 - 11. Let u = c + 8. Let y be 23 - 1 - (3 + u). Calculate the highest common divisor of y and 12.
6
Let y(w) = -2*w**2 - 31*w + 9. Let f be 4884/(-352) + 2/(-16). Let q be y(f). Suppose -20 - 14 = -i. Calculate the greatest common factor of i and q.
17
Let d(i) = -i**3 + 15*i**2 + 4*i - 200. Let c be d(11). Calculate the greatest common divisor of 8 and c.
8
Suppose -2*j - w = -206, 162 + 169 = 3*j - 4*w. Calculate the highest common divisor of j and 15.
15
Let w be 2 + -3 + -4 + -2. Let h be -1 - w - (2 + -2). Let d be (8 + 1)/(1/6). Calculate the highest common divisor of d and h.
6
Suppose -3*w - a + 104 = 0, -3*a = -6*a - 12. What is the highest common factor of 4 and w?
4
Let z(d) = -21*d**3 - 4*d**2 - 3*d. Let s be z(-1). Suppose 0*q = -q + 160. What is the greatest common divisor of q and s?
20
Let x be ((-14)/(-10) - 2) + (-3864)/(-40). Let h(w) = 2*w**2 + w - 4. Let m be h(-4). Calculate the highest common factor of m and x.
24
Let s(v) = v**3 - 10*v**2 + 37*v - 13. Let h be s(8). Let a be 30 - (0 - 1/1). Calculate the highest common divisor of h and a.
31
Let q be -4*(-7)/(-28) - -19. Suppose 5*u + t - 3*t = 1626, 0 = 3*u + 3*t - 963. Suppose u = a + a. What is the greatest common factor of q and a?
18
Let w be (-2)/6 + (-67)/(-3). Suppose -w = -4*g + 170. Let i(u) = -u**2 + 7*u. Let p be i(4). Calculate the highest common factor of g and p.
12
Suppose -4*c + 173 = 2*f + 23, 0 = -4*c + f + 147. Let k = c + -13. What is the highest common factor of 96 and k?
24
Let u be -1 - -7 - -3 - -1. Suppose -5*t - 14 = -d, -4*t = 4*d - 2*d. Calculate the greatest common divisor of u and d.
2
Let i(a) = 5*a + 122. Let z be i(-22). Calculate the highest common divisor of 92 and z.
4
Suppose 4*q - 36 = 132. What is the highest common divisor of q and 12?
6
Suppose 4*p + 3*v = p + 21, 21 = -2*p + 5*v. Suppose -z - x = 20, -4*x + 10 + 18 = -2*z. Let k = p - z. Calculate the highest common divisor of 10 and k.
10
Let k = -25 + -39. Let h = -14 - k. Suppose 0*f + 2*f - h = 0. What is the greatest common divisor of f and 25?
25
Let f(z) be the third derivative of -z**6/120 + 13*z**5/60 - 5*z**4/12 - 2*z**3/3 - 10*z**2. Let t be f(12). What is the highest common factor of t and 8?
4
Let q(i) = i**2 + 25*i + 111. Let a be q(-5). Let f = -4 - -6. Suppose -v = -j + 15, v + 0*v - 18 = -f*j. What is the greatest common factor of a and j?
11
Let c(y) = -8*y - 21 - 1 - 22*y. Let n be c(-13). What is the greatest common divisor of n and 46?
46
Let y be (-1 - (20/(-5) + 8))*-10. What is the highest common divisor of y and 100?
50
Let x(w) = -10*w - 8. Let z(m) = 7*m + 5. Let v(p) = 5*x(p) + 7*z(p). Let r be v(-8). Suppose -r*k = -7*k + 180. What is the highest common divisor of k and 5?
5
Let l(p) = p. Let b be l(5). Suppose -5*r - 21 = n, b - 4 = -n - r. Suppose -j = n*g - 159 + 5, 3*j + 6 = 0. Calculate the greatest common factor of 26 and g.
13
Suppose -5*y - 9*f + 342 = -6*f, f - 202 = -3*y. Calculate the greatest common factor of 88 and y.
22
Suppose 0*f - 5*f = 3*z + 48, 0 = 5*f + 5*z + 40. Let p = f - -57. Calculate the highest common divisor of 9 and p.
9
Suppose 0 = -3*p + 4*p - 2*o + 5, -2*p - o = 10. Let u(z) = -z**2 - 9*z - 5. Let t be u(p). Let g = 261 - 141. What is the greatest common divisor of t and g?
15
Suppose 6*o + 2*o = 1664. What is the highest common factor of o and 52?
52
Suppose -21*x + 26*x = 155. Suppose -4*o = -x - 9. Let z = -15 + 125. What is the greatest common divisor of o and z?
10
Let i be (-10)/(-4) + 5/10. Suppose 2*r + i + 4 = z, -2*z = r + 6. Let j be z/(-5) - (-1188)/60. Calculate the greatest common factor of 50 and j.
10
S